{"id":429,"date":"2024-06-13T10:23:29","date_gmt":"2024-06-13T10:23:29","guid":{"rendered":"https:\/\/gecotec.nl\/?page_id=429"},"modified":"2024-06-13T10:23:30","modified_gmt":"2024-06-13T10:23:30","slug":"projektbegleitung-vorort","status":"publish","type":"page","link":"https:\/\/gecotec.nl\/?page_id=429&lang=de","title":{"rendered":"Projektbegleitung Vorort"},"content":{"rendered":"\n<p>Aufgrund der Komplexit\u00e4t der Gesetzlichen Regeln, Normen und dass technische Problem ein Risiko innerhalb diesem Rahmen zu reduzieren, bekommen wir regelm\u00e4\u00dfig die Frage zur umfangreichen Unterst\u00fctzung dazu Vorort.<\/p>\n\n\n\n<p>Demzufolge ist Projektbegleitung Vorort entstanden zur weitgehende Entlastung der Organisation. Diese Projektbegleitung in Breitem Sinne kan folgende Aspekte enthalten:<\/p>\n\n\n\n<div class=\"wp-block-media-text has-media-on-the-right is-stacked-on-mobile\"><div class=\"wp-block-media-text__content\">\n<p>Budgetierung\/Budgetanfrage einer Installationsanpassung.<\/p>\n\n\n\n<p>Ausarbeitung von technischen Konzepte f\u00fcr Sicherheits- und damit auch oft funktionelle Anpassungen. Management of Change ist dann relevant und die Folgen m\u00fcssen dann analysiert werden.<\/p>\n\n\n\n<p>Projektmanagement\/Projektplanung f\u00fcr Ausf\u00fchrung der Anpassungen.<\/p>\n\n\n\n<p>Konkrete F\u00fchrung der Arbeitskr\u00e4fte bei der tats\u00e4chliche Ausf\u00fchrung (gegebenenfalls bis auf Detailniveau).<\/p>\n<\/div><figure class=\"wp-block-media-text__media\"><img loading=\"lazy\" decoding=\"async\" width=\"1024\" height=\"714\" src=\"https:\/\/gecotec.nl\/wp-content\/uploads\/2024\/06\/Schermafbeelding-2024-06-05-134341-1-1024x714.png\" alt=\"\" class=\"wp-image-430 size-full\" srcset=\"https:\/\/gecotec.nl\/wp-content\/uploads\/2024\/06\/Schermafbeelding-2024-06-05-134341-1-1024x714.png 1024w, https:\/\/gecotec.nl\/wp-content\/uploads\/2024\/06\/Schermafbeelding-2024-06-05-134341-1-300x209.png 300w, https:\/\/gecotec.nl\/wp-content\/uploads\/2024\/06\/Schermafbeelding-2024-06-05-134341-1-768x535.png 768w, https:\/\/gecotec.nl\/wp-content\/uploads\/2024\/06\/Schermafbeelding-2024-06-05-134341-1.png 1339w\" sizes=\"auto, (max-width: 1024px) 100vw, 1024px\" \/><\/figure><\/div>\n\n\n\n<p>Die Arbeitsabl\u00e4ufe der Projektdurchf\u00fchrung muss so optimal m\u00f6glich im normalen Betriebsablauf der Organisation eingepasst werden. Nat\u00fcrlich ber\u00fccksichtigen wir auch das w\u00e4hrend der Projektbegleitung. Stagnierung der Produktion, oder auch von laufenden Modifikationen sind nicht gew\u00fcnscht und m\u00fcssen so weit wie m\u00f6glich vermieden werden.<\/p>\n\n\n\n<p>Nat\u00fcrlich muss das Technische Dossier aktualisiert werden in Bezug zu alle Anlagen-Anpassungen und das wird unserseits ebenfalls versorgt,<\/p>\n\n\n\n<p><em>Erfahren Sie die Enthusiasten l\u00f6sungsorientierte Vorgehensweise Vorort mit Budget und Betrieb am Vordergrund.<\/em><\/p>\n","protected":false},"excerpt":{"rendered":"<p>Aufgrund der Komplexit\u00e4t der Gesetzlichen Regeln, Normen und dass technische Problem ein Risiko innerhalb diesem Rahmen zu reduzieren, bekommen wir [&hellip;]<\/p>\n","protected":false},"author":1,"featured_media":0,"parent":0,"menu_order":0,"comment_status":"closed","ping_status":"closed","template":"","meta":{"site-sidebar-layout":"default","site-content-layout":"","ast-site-content-layout":"","site-content-style":"default","site-sidebar-style":"default","ast-global-header-display":"","ast-banner-title-visibility":"","ast-main-header-display":"","ast-hfb-above-header-display":"","ast-hfb-below-header-display":"","ast-hfb-mobile-header-display":"","site-post-title":"","ast-breadcrumbs-content":"","ast-featured-img":"","footer-sml-layout":"","theme-transparent-header-meta":"","adv-header-id-meta":"","stick-header-meta":"","header-above-stick-meta":"","header-main-stick-meta":"","header-below-stick-meta":"","astra-migrate-meta-layouts":"default","ast-page-background-enabled":"default","ast-page-background-meta":{"desktop":{"background-color":"var(--ast-global-color-4)","background-image":"","background-repeat":"repeat","background-position":"center center","background-size":"auto","background-attachment":"scroll","background-type":"","background-media":"","overlay-type":"","overlay-color":"","overlay-gradient":""},"tablet":{"background-color":"","background-image":"","background-repeat":"repeat","background-position":"center center","background-size":"auto","background-attachment":"scroll","background-type":"","background-media":"","overlay-type":"","overlay-color":"","overlay-gradient":""},"mobile":{"background-color":"","background-image":"","background-repeat":"repeat","background-position":"center center","background-size":"auto","background-attachment":"scroll","background-type":"","background-media":"","overlay-type":"","overlay-color":"","overlay-gradient":""}},"ast-content-background-meta":{"desktop":{"background-color":"var(--ast-global-color-5)","background-image":"","background-repeat":"repeat","background-position":"center center","background-size":"auto","background-attachment":"scroll","background-type":"","background-media":"","overlay-type":"","overlay-color":"","overlay-gradient":""},"tablet":{"background-color":"var(--ast-global-color-5)","background-image":"","background-repeat":"repeat","background-position":"center center","background-size":"auto","background-attachment":"scroll","background-type":"","background-media":"","overlay-type":"","overlay-color":"","overlay-gradient":""},"mobile":{"background-color":"var(--ast-global-color-5)","background-image":"","background-repeat":"repeat","background-position":"center center","background-size":"auto","background-attachment":"scroll","background-type":"","background-media":"","overlay-type":"","overlay-color":"","overlay-gradient":""}},"footnotes":""},"class_list":["post-429","page","type-page","status-publish","hentry"],"_links":{"self":[{"href":"https:\/\/gecotec.nl\/index.php?rest_route=\/wp\/v2\/pages\/429","targetHints":{"allow":["GET"]}}],"collection":[{"href":"https:\/\/gecotec.nl\/index.php?rest_route=\/wp\/v2\/pages"}],"about":[{"href":"https:\/\/gecotec.nl\/index.php?rest_route=\/wp\/v2\/types\/page"}],"author":[{"embeddable":true,"href":"https:\/\/gecotec.nl\/index.php?rest_route=\/wp\/v2\/users\/1"}],"replies":[{"embeddable":true,"href":"https:\/\/gecotec.nl\/index.php?rest_route=%2Fwp%2Fv2%2Fcomments&post=429"}],"version-history":[{"count":1,"href":"https:\/\/gecotec.nl\/index.php?rest_route=\/wp\/v2\/pages\/429\/revisions"}],"predecessor-version":[{"id":431,"href":"https:\/\/gecotec.nl\/index.php?rest_route=\/wp\/v2\/pages\/429\/revisions\/431"}],"wp:attachment":[{"href":"https:\/\/gecotec.nl\/index.php?rest_route=%2Fwp%2Fv2%2Fmedia&parent=429"}],"curies":[{"name":"wp","href":"https:\/\/api.w.org\/{rel}","templated":true}]}}